5 - -2504. What is the thousands digit of n?
2
Suppose 0 = 12*s - 8*s - 60. Let u be (-5)/(s/141) - 1. Let n = u + 80. What is the tens digit of n?
3
Let p(g) = 33*g - 8. Let s be p(3). Suppose s = 2*q - q. What is the tens digit of q?
9
Suppose 9 = -3*g - n + 22, 7 = g + n. What is the tens digit of 42/(-9)*1*(-18)/g?
2
Suppose -3*n + 5 = -1. Suppose -q + 32 = -n*q. Let s = q - -51. What is the units digit of s?
9
Let l = -7 - -11. Let p be ((-300)/16)/(1/l). Let t = 140 + p. What is the units digit of t?
5
Let t(d) be the first derivative of -d**4/4 + 10*d**3/3 + 24*d + 32. What is the tens digit of t(10)?
2
Let x = -24 - -28. Suppose x*h - 98 = 2*h. Let l = -16 + h. What is the tens digit of l?
3
Suppose 1124 - 120 = 4*x. Let p = x - 169. What is the units digit of p?
2
Suppose -2*r + 1105 = -449. What is the tens digit of r?
7
Let v(h) be the second derivative of h**5/20 + h**4/2 - 3*h**3/2 - 11*h**2/2 + h. Let y be v(-7). Suppose 0 = -y*x + 44 + 19. What is the units digit of x?
1
Let r(g) = 3*g. Let b be r(6). Let w(c) = c**2 + 23*c + 74. Let y be w(-19). What is the units digit of (-189)/b*y/3?
7
Suppose -6*z + f + 350 = -z, 0 = -4*z + 5*f + 280. Let l = z - 46. What is the tens digit of l?
2
Suppose 82*v - 56472 = 69*v. What is the hundreds digit of v?
3
Suppose -6 = -2*h - x + 10, 3*x = h - 1. Suppose -h = 2*c + 1. What is the units digit of ((-8)/10)/(c/170)?
4
Let b(t) = -t**3 + 5*t**2 + 3*t. Let j be b(5). Let o be (-5 + 4)*(29 + -2). What is the units digit of (85/j)/((-3)/o)?
1
Let m = 606 - -1068. What is the units digit of m?
4
Let j(z) = 7*z**3 - 6*z**2 + 5*z - 3. Let i(t) = -15*t**3 + 13*t**2 - 11*t + 5. Let y(m) = 6*i(m) + 13*j(m). What is the units digit of y(5)?
1
Let b(u) be the first derivative of -u**2/2 - 8*u - 1. Let i be b(-10). What is the tens digit of (3/i)/(1/14)?
2
Suppose 3*j = 7*j + 88. Let z = 13 + j. Let y = z - -15. What is the units digit of y?
6
What is the units digit of (-4 - -1)*(89425/21)/(-5)?
5
Let k(s) = -3*s**2 - 21*s - 5. Suppose -3*n + 14 = 4*n. Let u(t) = 13*t**2 + 85*t + 19. Let r(d) = n*u(d) + 9*k(d). What is the tens digit of r(-11)?
8
Suppose 8*i - 5850 = 15142. What is the hundreds digit of i?
6
Let f(p) = 3*p**2 + 8*p + 10. Let l be f(-11). Let q = -203 + l. What is the units digit of q?
2
Let b(r) = 2*r + 18. Let o be b(-8). Suppose o*c - c = 96. What is the tens digit of c?
9
Suppose -g + 1139 = 3*h, -2*h - 835 - 279 = -g. What is the units digit of g?
4
Let d(w) = w**2 - 3*w - 4. Let v be d(3). Let x(a) = a**3 + 4*a**2 + 3*a + 6. Let z be x(v). Let p = 31 + z. What is the units digit of p?
5
Let j = 14 + -11. Suppose -u - 2 = 0, 5*r - j*u = u + 403. What is the tens digit of r?
7
Let m(a) = -a**3 + 15*a**2 + 13*a - 60. What is the hundreds digit of m(13)?
4
Suppose -4*a - c = -2*a - 101, -254 = -5*a - 3*c. Let o = a + -32. What is the tens digit of o?
1
Let s(q) = -264*q - 34. What is the hundreds digit of s(-6)?
5
Let m(b) = b - 3. Let k be m(-3). Let z(t) = -10*t - 25. What is the units digit of z(k)?
5
Let z(x) = x**2 + 16*x + 17. Let n be z(-15). Let r(c) = -48*c - 4. Let h be r(n). What is the units digit of 2/6 - h/6?
7
Let g(m) = 18*m**2 - 35*m**2 + 19*m**2 - 5*m. What is the units digit of g(5)?
5
Let l(v) = v**3 - 6*v**2 + 6*v. What is the tens digit of l(7)?
9
Suppose -5*d = -4*j - 2*d + 1536, 774 = 2*j - 3*d. What is the units digit of j?
1
Let u(d) = d**3 - 9*d**2 + 10*d - 8. Let o be u(8). Let f(a) = -a**2 + 13*a - 19. What is the tens digit of f(o)?
2
Let f be ((-6)/2 + 4)*0. Suppose f = -2*p - 32 + 210. Suppose 4*k - 3*v - p = 0, 0*v - 14 = -k - 2*v. What is the units digit of k?
0
Let t = 19 - 11. Let l be 10/t - (-4)/(-16). Suppose -28 = -n + l. What is the tens digit of n?
2
Suppose -165 = q + 3*v - 977, -4 = -v. Suppose -6*n - q = -11*n. What is the units digit of n?
0
Let q be (-1)/4 + 1448/32. Suppose -q = 2*f - 3*a, -2*a - 79 = 4*f + 3*a. Let t = f - -83. What is the tens digit of t?
6
Let u be (46622/4)/((-6)/12). Let g = u + 15955. What is the tens digit of g/(-180) - 4/(-30)?
4
Let v(n) = n**2 + 5*n - 1. Let t be v(-7). Let p = t + -11. Suppose -78 = -6*y + 2*y + p*f, 3*f = 15. What is the tens digit of y?
2
Suppose 0 = -2*q, -q - 20 = -4*f + 8. Let a(z) = 4*z**2 - z**2 + 2*z + 6*z**2 + 3 - f*z**2. What is the units digit of a(-3)?
5
Suppose -25 = -n + 5*d, n - d = -4*n + 29. Suppose 84 = -n*v - 26. What is the tens digit of 10*(v/(-5) + -2)?
2
Let r(i) = 4*i - 13. Let y(a) = -a**3 + 4*a**2 + 7*a + 2. Let s be (-1 + -1 - -4) + 3. Let d be y(s). What is the tens digit of r(d)?
3
Let q(y) = y**2 - 14. Let n be q(-4). Suppose -s + 53 = -n*c, -s - 5*c = -0*c - 74. What is the tens digit of s?
5
Let i(o) = 13*o**2 + o + 8. Let g be i(-6). Suppose -l - l - 2*q = -324, -3*l + g = -5*q. What is the tens digit of l?
6
Let f = 421 - -12. What is the units digit of f?
3
Let f(u) = 12*u + 3. Let t(z) = z**3 - 4*z + 3. Let h be t(2). Let p be h + (-2 - (2 + -3)). What is the tens digit of f(p)?
2
Suppose 4*u + u + 269 = -2*m, 0 = 5*m + u + 707. Suppose 2299 = 77*p - 66*p. Let w = p + m. What is the units digit of w?
7
Let v(h) be the first derivative of -h**3/3 + 5*h**2/2 - 2*h - 4. Let q be v(6). Let l = q - -27. What is the units digit of l?
9
Let v be 77 - (-7)/((-21)/12). Let w = v + -32. What is the tens digit of w?
4
Let x be 178/4 - (-3)/(-2). Let i be -5*(155/(-25) + 4). Let j = x + i. What is the tens digit of j?
5
Let l(m) = -124*m - 506. What is the units digit of l(-8)?
6
Let o be 0 - (0 - (14 - -1)). Let n = 76 - o. Suppose -5*b = 5*r - 215, 5*b - n = 3*b + 3*r. What is the tens digit of b?
3
Let v be (-2)/(2/(-245 + -3)). Suppose -2*c = -6*c + v. What is the units digit of c?
2
Let l(t) = t**3 + 9*t**2 - t - 45. What is the tens digit of l(-8)?
2
Let l be (-4 + (-142)/(-7))*7. Suppose 0 = -4*c + c + l. Suppose 2*y = -c + 134. What is the units digit of y?
8
Suppose 33*n - 43950 = -7452. What is the tens digit of n?
0
Let z(d) = 38*d - 220. What is the units digit of z(15)?
0
Let k = -678 + 1086. What is the tens digit of k?
0
Suppose 5*j = -2*g + 4*j + 9, -5*j = -25. Suppose 74 + 274 = 2*i + g*c, -i + 4*c + 194 = 0. What is the hundreds digit of i?
1
Let c(f) = -f**3 - 8*f**2 + 4*f - 22. Let x be c(-9). Let u = x - 21. What is the units digit of u?
2
Suppose -2*z - 1708 = -9*z. Let k = z + -163. What is the tens digit of k?
8
Let u(z) = -7*z**2 - 5*z + 22. Let v(g) = -3*g**2 - 2*g + 11. Let p(d) = 2*u(d) - 5*v(d). Let a = -594 - -599. What is the units digit of p(a)?
4
Let s(f) = -2*f**3 + 3*f**2 + 4*f - 1. Let j be s(3). Let k = 17 + j. What is the units digit of (15/(-6))/(k/(-12))?
0
Let h(i) = -i**3 + 10*i**2 - 8*i - 6. Let p(x) = -x + 13. Let l be p(10). Suppose -3*g - 33 = -6*g - l*k, -g = 4*k - 17. What is the units digit of h(g)?
3
Suppose 11*x + 1813 = 18*x. What is the units digit of x?
9
What is the hundreds digit of 3/39 - (50460/39)/(-2)?
6
Let x be ((-29)/(-9) - 4/18)*-1. What is the units digit of (x/(-5))/(10/50) - -35?
8
Let v(z) = -z**3 + 4*z**2 + 6*z + 2. Let r be v(5). Let q(b) = b**2 - 4*b. Let l be q(r). Let j = 6 + l. What is the tens digit of j?
2
Let q = -1064 + 2000. What is the units digit of q?
6
Let v(o) = -443*o - 41. What is the tens digit of v(-2)?
4
Let t = -99 - -97. Let v(p) = 10*p**3 + 3*p**2 + 3*p + 3. Let z(x) = -x. Let i(u) = -v(u) - z(u). What is the tens digit of i(t)?
6
Let d(t) = t**2 + t + 13. Let l be d(0). Let k(h) = h + 9. What is the units digit of k(l)?
2
What is the tens digit of (-1)/(-3) + 60348/18?
5
Let g = -46 + 82. What is the tens digit of g*(-3)/(3 + -12)?
1
Let u(r) = 3*r**2 - 3*r + 3. Let p(o) = o + 2. Let c be p(-3). Let w be c/(-1) - (-2)/1. What is the tens digit of u(w)?
2
Suppose -k - 2*t = 2*t - 10, 4*t = -2*k + 32. Let b(i) = 10*i. What is the tens digit of b(k)?
2
Let c(v) be the third derivative of 13*v**4/24 + v**3/2 + 42*v**2. What is the tens digit of c(2)?
2
Let a be 57/5 + 30/(-75). Let v = a - 9. Suppose -3*h - 2*o = -103, -5*o + 6 = -v*h + 81. What is the units digit of h?
5
Suppose -8*f + 183 = -5*f. Suppose 6*s - 131 = f. What is the units digit of s?
2
Suppose 89 = k + l - 624, -4*k + 2855 = 3*l. What is the tens digit of k?
1
Let x(o) = 5*o - 6. Let g be x(4). Let c be 4/g + (